t of 42/(q/854 + (-39)/91)?
7
Suppose -70*z + 68*z = -8. Suppose -z*w - 350 = -5*v - w, -w = -2*v + 140. What is the tens digit of v?
7
Let n(r) = 310*r**2 + 4*r + 6. Suppose 17*w + 65 - 48 = 0. What is the tens digit of n(w)?
1
Let m(c) = 2 - 8*c**2 - 3*c - 14*c**2 + 21*c**2. Let v be m(-2). Suppose 0*h = 3*x + 2*h - 269, v*x - 3*h = 336. What is the tens digit of x?
8
Suppose -52*l + 44*l + 1216 = 0. Suppose -272 = -5*j - t, 7*j - l = 4*j + 5*t. What is the units digit of j?
4
Let m(n) = 8*n**2 - 143*n - 51. What is the ten thousands digit of m(-68)?
4
Suppose -q + 8*m + 14 = 4*m, -4*q + 35 = -9*m. What is the units digit of (q*(-25712)/(-96))/((-2)/(-6))?
7
What is the hundreds digit of (-10)/(-60) - 6/(-36) - 409620/(-18)?
7
Let b = 726 + -500. Let m = b - 90. What is the hundreds digit of m?
1
Let w(j) = -4*j - 35. Let y be w(-5). Let i(v) = v**2 + 5*v - 15. What is the hundreds digit of i(y)?
1
Let t(g) be the second derivative of 413*g**3/6 - 81*g. What is the tens digit of t(1)?
1
Let z(m) = 180*m**3 - 12*m**2 + 33*m - 36. What is the ten thousands digit of z(4)?
1
Let t be (-2852592)/(-168) - ((-24)/(-14) - 2). What is the tens digit of (-2)/(-12) - t/(-72)?
3
Let l = 106 + -42. Suppose 4*n + x - 221 = 0, n + 64 = 2*n + 2*x. Let o = l + n. What is the tens digit of o?
1
Suppose 5*i = 5*k - 106290, k - 4*i - 27116 + 5879 = 0. What is the hundreds digit of k?
2
Suppose -23*w = -9*w + 5*w - 651510. What is the hundreds digit of w?
2
Suppose -19*u + 23*u + 2*x - 25102 = 0, 2*x - 18826 = -3*u. What is the thousands digit of u?
6
Let s be (0 - -1)*(-2 - -2). Let v(t) = -80*t - 8664. Let r be v(-114). Suppose s = -10*m + r + 1664. What is the tens digit of m?
1
Let u(q) = 9*q**2 + 6*q - 22. Suppose 0 = -6*p + 2*p - 24. What is the hundreds digit of u(p)?
2
Let i(q) = -402*q**3 - 16*q**2 + 13. What is the hundreds digit of i(-2)?
1
Suppose 8*u + 294 = 11*u. Suppose -2*s = -9*s - u. What is the units digit of 6/s + 18512/91?
3
Let i = -32 - -17. What is the units digit of 2/i + ((-20408)/(-60) - -3)?
3
Let c = -18238 + 33034. What is the tens digit of c?
9
Let z = 2140 - 2120. Let l(w) = 203*w**2 + 4*w + 4. Let s be l(4). What is the tens digit of s/z - (-2)/(-5)?
6
Let u(p) = -10*p**3 + 2*p**2 + 2*p + 1. Let r be u(-1). Suppose 4*i - 8055 = -r*i. What is the units digit of i?
7
Let x(n) be the first derivative of 17*n**2/2 + 23*n + 1409. Let z be -2 + 11/1 + -1. What is the hundreds digit of x(z)?
1
Let q(p) = 26*p + 0*p - 22*p + 9*p + 72*p + 89. What is the tens digit of q(8)?
6
Let y = -4716 - -9647. What is the tens digit of y?
3
Let t(z) = z**3 - 30*z**2 + 357*z + 35. What is the tens digit of t(29)?
4
Let l(s) = -s + 8. Let g be l(4). Suppose -3*z = g*v - 543, v - 42 - 90 = 3*z. Suppose 0 = 5*w - v - 75. What is the tens digit of w?
4
Let j(z) = -z**3 + 24*z**2 - 18*z + 5. Let y be j(23). What is the tens digit of (-19)/((-38)/y) + 5?
6
Suppose 4*s + 55502 = 3*z - 34238, 0 = 2*z + 5*s - 59888. What is the tens digit of z?
2
Let d be (176/(-24))/(4/(-198)). Let j = d + 189. What is the units digit of j?
2
Let a = 16 - 13. Suppose -103 = a*i + 29. Let x = 2 - i. What is the units digit of x?
6
What is the units digit of -11 - 5 - -12 - -30202?
8
Let d be 1/(-1*(-2)/10). Suppose 0 = -d*i + 9*i + 280. What is the tens digit of i/3*(2 - 5)?
7
Let k be 5*-3*4/(-12). Let w(x) = 13*x**2 - 16*x + 6. What is the hundreds digit of w(k)?
2
Suppose 15*j - 21*j = -210. Suppose -j*a = -37*a + 2688. Suppose -3*z = -10*z + a. What is the hundreds digit of z?
1
Suppose -4*x + 100039 = 3*l - 51154, 0 = -3*x + 2*l + 113365. What is the hundreds digit of x?
7
Let r = 21320 - 13418. What is the thousands digit of r?
7
Let v(j) = -20*j. Let h be v(-1). Let r(d) = 36179*d**3 - 31 - 26*d + 36178*d**3 - 72356*d**3 - 18*d**2. What is the units digit of r(h)?
9
Let m(o) = 21*o**2 + 175*o + 65. What is the thousands digit of m(-19)?
4
Let j = -197 + 210. Suppose 0*z + 5564 = j*z. What is the hundreds digit of z?
4
Let n(q) = 209*q**2 - 10*q + 98. What is the units digit of n(-9)?
7
Suppose 25 + 29 = -6*u. Let k(r) = r**2 + 9*r + 4. Let l be k(u). Suppose l*v - 20 = 0, 2*f + 19 = 4*f - v. What is the units digit of f?
2
Suppose 478*k = 320*k + 2696586. What is the ten thousands digit of k?
1
Let j(w) = -6*w - 25. Let q be j(-12). Let d(i) = -i**2 + i**2 - i**2 + 6*i + q - 8*i. What is the tens digit of d(0)?
4
Let m = -12330 + 31120. What is the ten thousands digit of m?
1
Suppose 2*c - 480 + 476 = 0. Suppose -s = 4*u - 5945, -5*u + 2*u - c*s = -4460. What is the tens digit of u?
8
Suppose 0 = 5*l + 2*k - 69, l - 5*l + 75 = -5*k. Suppose 0 = 5*m - y - l, 3*y - 10 = y. What is the tens digit of (4/(-7))/(m/(-434))?
6
Let r = 145 + -140. Suppose -4*a + 2*q = -8*a + 1472, -a + 390 = -r*q. What is the tens digit of a?
7
Let l = 82 - 84. Let q be (3/l)/(4/16*-2). Suppose 58 = 2*c + 2*p - 50, 4*p = q*c - 141. What is the tens digit of c?
5
Suppose -265*d - 59*d + 8691300 = 0. What is the hundreds digit of d?
8
Let s = 90199 - 61991. What is the hundreds digit of s?
2
Let y be ((-29)/(-3) - -2)*(-6)/(-5). Suppose 2187 - 9635 = -y*p. What is the tens digit of p?
3
Suppose -2*k = 8 - 38. Suppose -k*h + 23275 = 8440. What is the tens digit of h?
8
Let w(b) = 161*b - 16672. What is the tens digit of w(190)?
1
Let t(k) = 8*k**2 - 7*k + 22. Let h be t(-6). Let w = -287 - -47. Let f = w + h. What is the units digit of f?
2
Let f(d) = -d**3 - d**2 + 5*d + 124. Suppose -5*u - 3*c + 5 = 17, c + 4 = 0. What is the units digit of f(u)?
4
Let h = 5251 - 1260. What is the thousands digit of h?
3
Let g be (96 + -1)/(0 - -1). Let k(c) = -c**3 + c**2 + 29*c + 72. Let d be k(-5). Suppose 4*p - g - d = 0. What is the units digit of p?
3
Suppose -18*u - 11245 = 4829. Let c = -561 - u. What is the hundreds digit of c?
3
Suppose 3*d + o = 5*d - 3495, -2 = 2*o. Let k = d + -1142. What is the tens digit of k?
0
Suppose 4*z = 23 - 7. Suppose 15*k - 882 = 12*k - 3*t, -3*k + 879 = z*t. What is the hundreds digit of k?
2
Suppose 5*h - 10 = 0, -17*l = -22*l + 4*h + 52. What is the hundreds digit of (l/(-14) - 22/7) + 1129?
1
Let n(t) = 2*t**2 + t + 1. Let c(b) = -13*b**2 - 13*b + 4. Let i(p) = 3*c(p) + 21*n(p). What is the tens digit of i(12)?
4
Suppose r = 2*z - 33855, r - 67707 = -30*z + 26*z. What is the hundreds digit of z?
9
Let x(r) = 4*r + 54. Let p be x(-12). Suppose -2 = -2*a + p, -5*a = -2*c + 706. What is the units digit of c?
3
Let b = -19 - -24. Suppose -b*f = 3*r - 14, 0*f - 4 = -4*f. Suppose -r*n - 2*n = 25, -x + 148 = 4*n. What is the hundreds digit of x?
1
Let m(f) = -346*f**3 + 4*f**2 - 10*f + 16. Let h be m(-5). Suppose 41*x - h = 14*x. What is the units digit of x?
8
Let c(u) = 1252*u + 7. Let f be c(1). Let y = f - 667. What is the hundreds digit of y?
5
Suppose 4*s - 58 - 20 = -5*a, -4*s + a = -90. Let v be (1 + -2)/((-1)/s). Suppose -23*r + v*r + 40 = 0. What is the tens digit of r?
4
Let i(p) = p**3 + 16*p**2 - 13*p + 8. Let m be i(-16). Suppose 4*d - m = 1228. Suppose -4*c + b + 281 = 0, -4*c - c - 2*b = -d. What is the units digit of c?
1
Let y be (-4 - (-39)/6)*(-4)/(-5). Suppose 39 = -y*u - 11*u. What is the units digit of (78/(-12))/(u/18)?
9
Let i(f) = 87*f**2 - 205*f - 3593. What is the ten thousands digit of i(-22)?
4
Let g(s) = -s**3 - 400 - 427 - 15*s**2 + 843 - 8*s. Let r be -17 + 2/(1/1). What is the units digit of g(r)?
6
Let q(m) = -m**3 + 7*m**2 + 9*m - 4. Let i be q(8). Let u be (-3 + -6)/(i/(-132)). Suppose 7*n - 592 = u. What is the hundreds digit of n?
1
What is the tens digit of 185376/42 - 180/(-140)?
1
Suppose -3*a - 66 = -7*q + 4*q, 5*q + 2*a = 82. What is the tens digit of 2 + 1066/18 + (-4)/q?
6
Let r = -20 - -2. What is the units digit of (498/r)/((-7)/126)?
8
Let c(o) = -604*o - 6287. What is the thousands digit of c(-34)?
4
Suppose 1009*i + 36 = 1012*i. What is the units digit of 10*(-6)/i - (-1743)/3?
6
Suppose -2*l - 4*u + 33876 = -15520, 4*l = -5*u + 98774. What is the tens digit of l?
8
Let j(q) = 42 - 3*q**2 + 18*q + 20*q**2 - 16*q**2 - 6. What is the hundreds digit of j(7)?
2
Suppose 0 = -5*h + 2*p + 77962, -3*h - 144*p = -148*p - 46780. What is the thousands digit of h?
5
Suppose 7*i = 16*i + 4086. What is the tens digit of (i/(-28) - (-26